2 is divided by 51.
40
Calculate the remainder when 2099 is divided by 60.
59
Calculate the remainder when 173 is divided by 11.
8
Calculate the remainder when 185 is divided by 63.
59
Calculate the remainder when 138 is divided by 12.
6
What is the remainder when 261 is divided by 24?
21
Calculate the remainder when 78 is divided by 60.
18
What is the remainder when 294 is divided by 288?
6
Calculate the remainder when 186 is divided by 4.
2
What is the remainder when 2098 is divided by 39?
31
Calculate the remainder when 152 is divided by 39.
35
Calculate the remainder when 299 is divided by 45.
29
What is the remainder when 368 is divided by 190?
178
What is the remainder when 1365 is divided by 76?
73
Calculate the remainder when 24 is divided by 5.
4
What is the remainder when 65 is divided by 44?
21
Calculate the remainder when 1135 is divided by 60.
55
What is the remainder when 291 is divided by 76?
63
Calculate the remainder when 183 is divided by 38.
31
What is the remainder when 255 is divided by 32?
31
What is the remainder when 109 is divided by 102?
7
What is the remainder when 539 is divided by 32?
27
Calculate the remainder when 217 is divided by 17.
13
What is the remainder when 2400 is divided by 3?
0
Calculate the remainder when 82 is divided by 13.
4
Calculate the remainder when 952 is divided by 473.
6
Calculate the remainder when 651 is divided by 209.
24
Calculate the remainder when 13141 is divided by 38.
31
Calculate the remainder when 2548 is divided by 186.
130
What is the remainder when 459 is divided by 229?
1
What is the remainder when 2182 is divided by 200?
182
Calculate the remainder when 8233 is divided by 4106.
21
Calculate the remainder when 100 is divided by 46.
8
What is the remainder when 1971 is divided by 105?
81
Calculate the remainder when 4101 is divided by 516.
489
Calculate the remainder when 51 is divided by 15.
6
Calculate the remainder when 91 is divided by 24.
19
What is the remainder when 53 is divided by 35?
18
Calculate the remainder when 10278 is divided by 17.
10
What is the remainder when 1666 is divided by 207?
10
Calculate the remainder when 140 is divided by 9.
5
What is the remainder when 59 is divided by 13?
7
Calculate the remainder when 3624 is divided by 31.
28
What is the remainder when 12385 is divided by 11?
10
What is the remainder when 1080 is divided by 34?
26
What is the remainder when 8799 is divided by 1759?
4
Calculate the remainder when 427 is divided by 114.
85
Calculate the remainder when 109 is divided by 23.
17
What is the remainder when 2528 is divided by 54?
44
What is the remainder when 2280 is divided by 758?
6
What is the remainder when 304 is divided by 77?
73
Calculate the remainder when 1797 is divided by 19.
11
Calculate the remainder when 215 is divided by 113.
102
Calculate the remainder when 241 is divided by 77.
10
What is the remainder when 507 is divided by 51?
48
What is the remainder when 62 is divided by 19?
5
Calculate the remainder when 90 is divided by 31.
28
Calculate the remainder when 197 is divided by 25.
22
What is the remainder when 70 is divided by 9?
7
What is the remainder when 42 is divided by 19?
4
Calculate the remainder when 475 is divided by 164.
147
Calculate the remainder when 879 is divided by 29.
9
Calculate the remainder when 1186 is divided by 35.
31
What is the remainder when 51 is divided by 49?
2
What is the remainder when 235 is divided by 27?
19
What is the remainder when 179 is divided by 9?
8
What is the remainder when 2302 is divided by 571?
18
What is the remainder when 29 is divided by 11?
7
Calculate the remainder when 102 is divided by 36.
30
What is the remainder when 636 is divided by 5?
1
Calculate the remainder when 20465 is divided by 43.
40
What is the remainder when 813 is divided by 17?
14
What is the remainder when 153 is divided by 11?
10
Calculate the remainder when 8206 is divided by 114.
112
Calculate the remainder when 956 is divided by 316.
8
Calculate the remainder when 86 is divided by 27.
5
What is the remainder when 100 is divided by 54?
46
Calculate the remainder when 138 is divided by 21.
12
What is the remainder when 63 is divided by 13?
11
Calculate the remainder when 289 is divided by 126.
37
What is the remainder when 2547 is divided by 181?
13
What is the remainder when 133 is divided by 18?
7
What is the remainder when 1022 is divided by 178?
132
What is the remainder when 193 is divided by 97?
96
What is the remainder when 2055 is divided by 14?
11
Calculate the remainder when 319 is divided by 21.
4
What is the remainder when 372 is divided by 125?
122
What is the remainder when 173 is divided by 24?
5
What is the remainder when 138 is divided by 89?
49
What is the remainder when 150 is divided by 95?
55
What is the remainder when 8847 is divided by 158?
157
Calculate the remainder when 38 is divided by 7.
3
What is the remainder when 1933 is divided by 94?
53
Calculate the remainder when 282 is divided by 137.
8
Calculate the remainder when 18358 is divided by 255.
253
What is the remainder when 13852 is divided by 31?
26
Calculate the remainder when 488 is divided by 82.
78
Calculate the remainder when 21265 is divided by 49.
48
Calculate the remainder when 805 is divided by 70.
35
What is the remainder when 573 is divided by 134?
37
Calculate the remainder when 105 is divided by 63.
42
Calculate the remainder when 634 is divided by 34.
22
What is the remainder when 718 is divided by 139?
23
What is the remainder when 644 is divided by 15?
14
What is the remainder when 3133 is divided by 56?
53
Calculate the remainder when 97 is divided by 44.
9
Calculate the remainder when 51 is divided by 33.
18
Calculate the remainder when 618 is divided by 36.
6
What is the remainder when 478 is divided by 10?
8
Calculate the remainder when 98 is divided by 38.
22
Calculate the remainder when 162 is divided by 33.
30
What is the remainder when 581 is divided by 14?
7
What is the remainder when 1725 is divided by 62?
51
What is the remainder when 151 is divided by 150?
1
Calculate the remainder when 189 is divided by 19.
18
Calculate the remainder when 2298 is divided by 672.
282
Calculate the remainder when 4387 is divided by 72.
67
What is the remainder when 411 is divided by 23?
20
What is the remainder when 1976 is divided by 45?
41
What is the remainder when 429 is divided by 7?
2
What is the remainder when 544 is divided by 13?
11
What is the remainder when 75 is divided by 31?
13
What is the remainder when 371 is divided by 12?
11
What is the remainder when 416 is divided by 11?
9
Calculate the remainder when 84 is divided by 42.
0
What is the remainder when 147 is divided by 33?
15
What is the remainder when 346 is divided by 2?
0
Calculate the remainder when 242 is divided by 7.
4
Calculate the remainder when 3375 is divided by 31.
27
Calculate the remainder when 239 is divided by 81.
77
Calculate the remainder when 1113 is divided by 236.
169
Calculate the remainder when 2182 is divided by 1091.
0
Calculate the remainder when 37 is divided by 37.
0
Calculate the remainder when 88 is divided by 55.
33
What is the remainder when 185 is divided by 53?
26
Calculate the remainder when 1455 is divided by 19.
11
What is the remainder when 820 is divided by 403?
14
What is the remainder when 274 is divided by 75?
49
Calculate the remainder when 1485 is divided by 314.
229
What is the remainder when 3060 is divided by 114?
96
Calculate the remainder when 5097 is divided by 8.
1
Calculate the remainder when 194 is divided by 9.
5
Calculate the remainder when 11595 is divided by 223.
222
Calculate the remainder when 302 is divided by 151.
0
Calculate the remainder when 210 is divided by 35.
0
What is the remainder when 1768 is divided by 57?
1
What is the remainder when 7169 is divided by 44?
41
Calculate the remainder when 479 is divided by 23.
19
What is the remainder when 1261 is divided by 21?
1
What is the remainder when 354 is divided by 66?
24
What is the remainder when 895 is divided by 112?
111
Calculate the remainder when 6508 is divided by 44.
40
What is the remainder when 44298 is divided by 25?
23
What is the remainder when 119 is divided by 15?
14
Calculate the remainder when 256